01
In base 13, what is -6 - -1c9216a?
1c92164
In base 16, what is -89bb + b7?
-8904
In base 14, what is 430a7 + 788?
43851
In base 3, what is -1101102100011 - -21?
-1101102022220
In base 12, what is b8bab - b?
b8ba0
In base 11, what is 47 + -2183?
-2137
In base 4, what is 110320000121 + -10?
110320000111
In base 13, what is -4 + -7a89?
-7a90
In base 13, what is a581 + -259?
a325
In base 9, what is 1113088825 + 1?
1113088826
In base 8, what is -232514035 + -7?
-232514044
In base 2, what is -101 - 101001101010110010100100?
-101001101010110010101001
In base 5, what is -33333 + -140322?
-224210
In base 13, what is -3 + -c1b01a?
-c1b020
In base 14, what is -4 + b8c17?
b8c13
In base 2, what is 11 - 1111011101001110001101111?
-1111011101001110001101100
In base 6, what is -1351 + -53044?
-54435
In base 15, what is 51e7 - -2d?
5225
In base 8, what is -4223 + 107446?
103223
In base 5, what is 202 + -11120?
-10413
In base 16, what is 0 + -762f163?
-762f163
In base 5, what is -133224 + -114443?
-303222
In base 4, what is -1023202 + -313103213?
-320133021
In base 11, what is -1 - 53a803?
-53a804
In base 5, what is 13324333 + -130?
13324203
In base 7, what is 233526410 - 6?
233526401
In base 8, what is -2557251 + 176?
-2557053
In base 11, what is 465 - 152849?
-152394
In base 3, what is -112 - 1102220122202102?
-1102220122202221
In base 8, what is -30 + -13242005?
-13242035
In base 12, what is -56b82 - 793?
-57755
In base 9, what is 3 + -5214010?
-5214006
In base 4, what is 2023123021 + -22?
2023122333
In base 11, what is 7057144 - 6?
7057139
In base 16, what is 94f - 7a3?
1ac
In base 2, what is -101 - -111001011011111010001?
111001011011111001100
In base 4, what is -11130212 + -2212322?
-20003200
In base 2, what is 100 + -11110100001111101010011010?
-11110100001111101010010110
In base 7, what is 6115 + -106533?
-100415
In base 7, what is -336 + -232266?
-232635
In base 13, what is 8513 + 582?
8a95
In base 9, what is 25385 + -17152?
7233
In base 8, what is 3524 - -2230?
5754
In base 14, what is -94 + 7155?
70a1
In base 12, what is 786550 - -4?
786554
In base 6, what is -1313532 + -311?
-1314243
In base 5, what is -34110 - 1102421?
-1142031
In base 8, what is -31271701 + -105?
-31272006
In base 14, what is -61 - 13aa50?
-13aab1
In base 6, what is -1444 - -12422?
10534
In base 16, what is 11 - 60f6b?
-60f5a
In base 6, what is -1323341 + -41?
-1323422
In base 10, what is 2 - -14339244?
14339246
In base 7, what is -20445260216 + -1?
-20445260220
In base 7, what is 52464 + -3344?
46120
In base 15, what is 1905892 - 0?
1905892
In base 13, what is -6 - 268762?
-268768
In base 14, what is 695c0 - 4d?
69571
In base 10, what is -1 - -1444439?
1444438
In base 8, what is -7 - 31231101?
-31231110
In base 8, what is -315373 - -35?
-315336
In base 8, what is 73363254 - -4?
73363260
In base 13, what is 1182476b - -4?
11824772
In base 10, what is 87109501 + -1?
87109500
In base 6, what is -124042425 - 4?
-124042433
In base 12, what is -a52abb - -a?
-a52ab1
In base 14, what is a6 - -1277d?
12845
In base 10, what is 1950 - 9718?
-7768
In base 8, what is 14 + 512563635?
512563651
In base 7, what is -154352354 + -66?
-154352453
In base 2, what is 1 - 10101000001011111110000111011?
-10101000001011111110000111010
In base 3, what is 1211220200 - -22102?
1212020002
In base 3, what is 200220101211021 - 1?
200220101211020
In base 14, what is -5 - -440c41?
440c3a
In base 11, what is 115 - -1239?
1353
In base 9, what is -11 - -42140426?
42140415
In base 3, what is -2 + -11000121001111100?
-11000121001111102
In base 11, what is -84a66834 + 5?
-84a6682a
In base 3, what is 1010002112200102 + -12?
1010002112200020
In base 6, what is -1300 - 1433513?
-1435213
In base 4, what is 20 + 202011101032?
202011101112
In base 16, what is -48624 - -7?
-4861d
In base 4, what is 10 + -112201123233?
-112201123223
In base 8, what is -3 - 2544071?
-2544074
In base 3, what is -21220011220221221 + -2?
-21220011220222000
In base 14, what is c7271d - 29?
c726d4
In base 14, what is -172c + -176d6?
-19024
In base 2, what is -100 + -100010000101100001110?
-100010000101100010010
In base 12, what is -2740b06a - 4?
-2740b072
In base 13, what is 182a74b - 27?
182a724
In base 9, what is 30868 + 381?
31360
In base 11, what is -2744 + -6189?
-8922
In base 5, what is -124 - -422120013?
422114334
In base 3, what is 1221 - 10022020122121?
-10022020120200
In base 13, what is 2c5291 - 32?
2c525c
In base 4, what is -101 + 1301312233?
1301312132
In base 4, what is 201222312 + -133?
201222113
In base 4, what is -21 + 3013201320002?
3013201313321
In base 3, what is 10 + -2212122101202020?
-2212122101202010
In base 14, what is 5737c + -1504?
55c78
In base 8, what is -1 + -2735013311?
-2735013312
In base 12, what is 2aa + 4a5197?
4a5485
In base 8, what is -2 - 155152131?
-155152133
In base 9, what is -25253375 - 2?
-25253377
In base 5, what is 2002002413002 - 3?
2002002412444
In base 8, what is 40322 - -14235?
54557
In base 5, what is 234 - -334410?
340144
In base 13, what is 7c830b5 - 5?
7c830b0
In base 12, what is -1739b1 - -5?
-1739a8
In base 12, what is a814 - -196?
a9aa
In base 13, what is 0 - -5730066?
5730066
In base 16, what is 8 + 16ac3c0?
16ac3c8
In base 11, what is -5930 + -3058?
-8988
In base 4, what is 2121100 + -333?
2120101
In base 13, what is 22 + -6001330?
-600130b
In base 6, what is -234211025 + 54?
-234210531
In base 11, what is -24 + 212a3aa?
212a386
In base 4, what is 202112000101 + 3?
202112000110
In base 16, what is -170b59 + 36?
-170b23
In base 14, what is 25 - 1c1cc14?
-1c1cbcd
In base 6, what is -1055510520 - -1?
-1055510515
In base 11, what is -1112a - -3?
-11127
In base 15, what is -2ada - -2ec?
-27dd
In base 16, what is 2 - -103c78a?
103c78c
In base 11, what is -18a74 - 205?
-19179
In base 4, what is 1 - 12123130000031?
-12123130000030
In base 6, what is -230 + 45135240?
45135010
In base 11, what is -4419407 - -7?
-4419400
In base 8, what is 551 - -3451?
4222
In base 11, what is 399 + -453685?
-453297
In base 11, what is 21042 - 272?
20880
In base 7, what is 365123054 - -1?
365123055
In base 12, what is 305169 - -67?
305214
In base 4, what is -10221 - -102201000320?
102200330033
In base 16, what is 41c9f - -11c?
41dbb
In base 2, what is -10000111001 - 111011010010111101?
-111011100011110110
In base 3, what is 0 + 2022122012012121?
2022122012012121
In base 2, what is -10101 - 1101011011001111010100?
-1101011011001111101001
In base 11, what is -15556 + 2236?
-13320
In base 14, what is 7270d + -47?
726a6
In base 7, what is -103013431 - 1?
-103013432
In base 12, what is -303 + a3234?
a2b31
In base 11, what is -14533 + 39494?
24a61
In base 5, what is 4 + 2331031?
2331040
In base 6, what is 152 - -20311445?
20312041
In base 11, what is -1735211 + -1?
-1735212
In base 13, what is -20 + 9639?
9619
In base 6, what is 13 - -11453410?
11453423
In base 12, what is 19429a86 + 4?
19429a8a
In base 7, what is 54554 + -426403?
-341516
In base 6, what is 434441 + -4230?
430211
In base 5, what is -3 - -1334033?
1334030
In base 5, what is -110 - -1310024?
1304414
In base 3, what is -2 - -211020120212200?
211020120212121
In base 16, what is 2 + 3f9ef9?
3f9efb
In base 3, what is -101 - 22120120211100?
-22120120211201
In base 16, what is -65dc - -186?
-6456
In base 15, what is b8 + 14a0ad?
14a176
In base 2, what is 10111111111 + 10100111011010?
10111111011001
In base 5, what is 1012112301 + -2?
1012112244
In base 15, what is -1ce + d7333?
d7154
In base 6, what is 24 - 51255122?
-51255054
In base 2, what is -11 - 10101000101011100011001?
-10101000101011100011100
In base 6, what is 31525 - -2343504?
2415433
In base 13, what is -c16 - 2cab?
-3bc4
In base 7, what is 1514106 - -1452?
1515561
In base 6, what is -5252041432 + -5?
-5252041441
In base 8, what is 6 + 13321723?
13321731
In base 7, what is -2034614012 - -4?
-2034614005
In base 4, what is 1 + -2113220112?
-2113220111
In base 11, what is -143666a8 + 0?
-143666a8
In base 6, what is 50335304 - -11?
50335315
In base 9, what is -1 - -127114624?
127114623
In base 13, what is 2295 - 1a5?
20c0
In base 5, what is 1202042131 - 2202?
1202034424
In base 10, what is -89 + -552310?
-552399
In base 16, what is -1111121 - 5?
-1111126
In base 15, what is -2e8b + 128?
-2d63
In base 